{"id":2614,"date":"2026-02-05T15:13:42","date_gmt":"2026-02-05T14:13:42","guid":{"rendered":"https:\/\/arbraculture.fr\/?page_id=2614"},"modified":"2026-02-09T13:56:03","modified_gmt":"2026-02-09T12:56:03","slug":"plante-ciste","status":"publish","type":"page","link":"https:\/\/arbraculture.fr\/index.php\/plante-ciste\/","title":{"rendered":"Plante &#8211; Ciste"},"content":{"rendered":"\t\t<div data-elementor-type=\"wp-page\" data-elementor-id=\"2614\" class=\"elementor elementor-2614\">\n\t\t\t\t<div class=\"elementor-element elementor-element-69a2c07b e-flex e-con-boxed wpr-particle-no wpr-jarallax-no wpr-parallax-no wpr-sticky-section-no e-con e-parent\" data-id=\"69a2c07b\" data-element_type=\"container\" data-settings=\"{&quot;background_background&quot;:&quot;classic&quot;}\">\n\t\t\t\t\t<div class=\"e-con-inner\">\n\t\t\t\t<div class=\"elementor-element elementor-element-54ffd2ad elementor-invisible elementor-widget elementor-widget-heading\" data-id=\"54ffd2ad\" data-element_type=\"widget\" data-settings=\"{&quot;_animation&quot;:&quot;fadeIn&quot;,&quot;_animation_delay&quot;:1000}\" data-widget_type=\"heading.default\">\n\t\t\t\t<div class=\"elementor-widget-container\">\n\t\t\t\t\t<h2 class=\"elementor-heading-title elementor-size-default\">Le Ciste<\/h2>\t\t\t\t<\/div>\n\t\t\t\t<\/div>\n\t\t\t\t<div class=\"elementor-element elementor-element-62b3628c elementor-invisible elementor-widget elementor-widget-heading\" data-id=\"62b3628c\" data-element_type=\"widget\" data-settings=\"{&quot;_animation&quot;:&quot;fadeIn&quot;,&quot;_animation_delay&quot;:1500}\" data-widget_type=\"heading.default\">\n\t\t\t\t<div class=\"elementor-widget-container\">\n\t\t\t\t\t<h2 class=\"elementor-heading-title elementor-size-default\">cistus<\/h2>\t\t\t\t<\/div>\n\t\t\t\t<\/div>\n\t\t\t\t\t<\/div>\n\t\t\t\t<\/div>\n\t\t<div class=\"elementor-element elementor-element-55c6c7af e-flex e-con-boxed wpr-particle-no wpr-jarallax-no wpr-parallax-no wpr-sticky-section-no e-con e-parent\" data-id=\"55c6c7af\" data-element_type=\"container\">\n\t\t\t\t\t<div class=\"e-con-inner\">\n\t\t<div class=\"elementor-element elementor-element-14a00ca0 e-con-full e-flex wpr-particle-no wpr-jarallax-no wpr-parallax-no wpr-sticky-section-no e-con e-child\" data-id=\"14a00ca0\" data-element_type=\"container\">\n\t\t\t\t<div class=\"elementor-element elementor-element-3214ca3a animated-slow elementor-invisible elementor-widget elementor-widget-image\" data-id=\"3214ca3a\" data-element_type=\"widget\" data-settings=\"{&quot;_animation&quot;:&quot;fadeInLeft&quot;,&quot;_animation_delay&quot;:2000}\" data-widget_type=\"image.default\">\n\t\t\t\t<div class=\"elementor-widget-container\">\n\t\t\t\t\t\t\t\t\t\t\t\t\t\t\t<img fetchpriority=\"high\" decoding=\"async\" width=\"703\" height=\"912\" src=\"https:\/\/arbraculture.fr\/wp-content\/uploads\/2026\/02\/cisteplantev.jpg\" class=\"attachment-large size-large wp-image-2618\" alt=\"\" srcset=\"https:\/\/arbraculture.fr\/wp-content\/uploads\/2026\/02\/cisteplantev.jpg 703w, https:\/\/arbraculture.fr\/wp-content\/uploads\/2026\/02\/cisteplantev-231x300.jpg 231w\" sizes=\"(max-width: 703px) 100vw, 703px\" \/>\t\t\t\t\t\t\t\t\t\t\t\t\t\t\t<\/div>\n\t\t\t\t<\/div>\n\t\t\t\t<\/div>\n\t\t<div class=\"elementor-element elementor-element-4e6910fb e-con-full e-flex wpr-particle-no wpr-jarallax-no wpr-parallax-no wpr-sticky-section-no e-con e-child\" data-id=\"4e6910fb\" data-element_type=\"container\">\n\t\t\t\t<div class=\"elementor-element elementor-element-66f109a5 elementor-widget__width-initial animated-slow elementor-invisible elementor-widget elementor-widget-text-editor\" data-id=\"66f109a5\" data-element_type=\"widget\" data-settings=\"{&quot;_animation&quot;:&quot;fadeIn&quot;,&quot;_animation_delay&quot;:2500}\" data-widget_type=\"text-editor.default\">\n\t\t\t\t<div class=\"elementor-widget-container\">\n\t\t\t\t\t\t\t\t\t<p><b>Origine<\/b><span style=\"font-weight: 400;\"> : bassin m\u00e9dit\u00e9rann\u00e9en<\/span><\/p><p><b>Description de la plante<\/b><span style=\"font-weight: 400;\"> : Le ciste est un arbrisseau au port \u00e9tal\u00e9 (jusqu\u2019\u00e0 2m de diam\u00e8tre) originaire du pourtour m\u00e9dit\u00e9ran\u00e9en aux feuilles \u00e0 forte odeur aromatique laissant une l\u00e9g\u00e8re impression cireuse sur les mains lorsqu\u2019on les froisse. L\u2019odeur divise, certains l&rsquo;adorent tandis que d\u2019autres la d\u00e9testent, elle ne laisse pas indiff\u00e9rent. Il existe beaucoup de vari\u00e9t\u00e9s diff\u00e9rentes de ciste, principalement \u00e0 fleurs blanches ou roses. Les fleurs ne sont pas d\u00e9nu\u00e9es d\u2019int\u00e9r\u00eat, on les remarque de loin avec leurs grands p\u00e9tales. Elles s\u2019ouvrent le matin pour faner le soir-m\u00eame. Les abeilles butinent leur pollen tr\u00e8s abondant. <\/span><\/p>\t\t\t\t\t\t\t\t<\/div>\n\t\t\t\t<\/div>\n\t\t\t\t<\/div>\n\t\t\t\t\t<\/div>\n\t\t\t\t<\/div>\n\t\t<div class=\"elementor-element elementor-element-5c6c2187 e-flex e-con-boxed wpr-particle-no wpr-jarallax-no wpr-parallax-no wpr-sticky-section-no e-con e-parent\" data-id=\"5c6c2187\" data-element_type=\"container\">\n\t\t\t\t\t<div class=\"e-con-inner\">\n\t\t<div class=\"elementor-element elementor-element-55e9aee1 e-con-full e-flex wpr-particle-no wpr-jarallax-no wpr-parallax-no wpr-sticky-section-no e-con e-child\" data-id=\"55e9aee1\" data-element_type=\"container\">\n\t\t\t\t<div class=\"elementor-element elementor-element-6ad9ab63 elementor-invisible elementor-widget elementor-widget-image\" data-id=\"6ad9ab63\" data-element_type=\"widget\" data-settings=\"{&quot;_animation&quot;:&quot;fadeIn&quot;,&quot;_animation_mobile&quot;:&quot;fadeIn&quot;,&quot;_animation_delay&quot;:500}\" data-widget_type=\"image.default\">\n\t\t\t\t<div class=\"elementor-widget-container\">\n\t\t\t\t\t\t\t\t\t\t\t\t\t\t\t<img decoding=\"async\" width=\"960\" height=\"639\" src=\"https:\/\/arbraculture.fr\/wp-content\/uploads\/2026\/02\/Cistusfleur.jpg\" class=\"attachment-large size-large wp-image-2620\" alt=\"\" srcset=\"https:\/\/arbraculture.fr\/wp-content\/uploads\/2026\/02\/Cistusfleur.jpg 960w, https:\/\/arbraculture.fr\/wp-content\/uploads\/2026\/02\/Cistusfleur-300x200.jpg 300w, https:\/\/arbraculture.fr\/wp-content\/uploads\/2026\/02\/Cistusfleur-768x511.jpg 768w\" sizes=\"(max-width: 960px) 100vw, 960px\" \/>\t\t\t\t\t\t\t\t\t\t\t\t\t\t\t<\/div>\n\t\t\t\t<\/div>\n\t\t\t\t<\/div>\n\t\t<div class=\"elementor-element elementor-element-139dafed e-con-full e-flex wpr-particle-no wpr-jarallax-no wpr-parallax-no wpr-sticky-section-no e-con e-child\" data-id=\"139dafed\" data-element_type=\"container\">\n\t\t\t\t<div class=\"elementor-element elementor-element-f4777d2 animated-slow elementor-invisible elementor-widget elementor-widget-image\" data-id=\"f4777d2\" data-element_type=\"widget\" data-settings=\"{&quot;_animation&quot;:&quot;fadeIn&quot;,&quot;_animation_delay&quot;:1000}\" data-widget_type=\"image.default\">\n\t\t\t\t<div class=\"elementor-widget-container\">\n\t\t\t\t\t\t\t\t\t\t\t\t\t\t\t<img decoding=\"async\" width=\"799\" height=\"533\" src=\"https:\/\/arbraculture.fr\/wp-content\/uploads\/2026\/02\/ciste-en-fleur.jpg\" class=\"attachment-large size-large wp-image-2619\" alt=\"\" srcset=\"https:\/\/arbraculture.fr\/wp-content\/uploads\/2026\/02\/ciste-en-fleur.jpg 799w, https:\/\/arbraculture.fr\/wp-content\/uploads\/2026\/02\/ciste-en-fleur-300x200.jpg 300w, https:\/\/arbraculture.fr\/wp-content\/uploads\/2026\/02\/ciste-en-fleur-768x512.jpg 768w\" sizes=\"(max-width: 799px) 100vw, 799px\" \/>\t\t\t\t\t\t\t\t\t\t\t\t\t\t\t<\/div>\n\t\t\t\t<\/div>\n\t\t\t\t<div class=\"elementor-element elementor-element-4f76352b elementor-widget__width-initial animated-slow elementor-invisible elementor-widget elementor-widget-text-editor\" data-id=\"4f76352b\" data-element_type=\"widget\" data-settings=\"{&quot;_animation&quot;:&quot;fadeIn&quot;,&quot;_animation_delay&quot;:500}\" data-widget_type=\"text-editor.default\">\n\t\t\t\t<div class=\"elementor-widget-container\">\n\t\t\t\t\t\t\t\t\t<p><b>Plantation<\/b><span style=\"font-weight: 400;\"> : Plant\u00e9 en sol pauvre, souvent dans les cimeti\u00e8res car la plante est tr\u00e8s r\u00e9sistante \u00e0 la s\u00e9cheresse et au manque d\u2019arrosage. Elle gagne \u00e0 \u00eatre plus connue dans nos contr\u00e9es.<\/span><\/p><p><b>Parties utilis\u00e9es<\/b><span style=\"font-weight: 400;\"> : Riche en huile essentielle, la plante est un m\u00e9dicament \u00e0 part enti\u00e8re, les fleurs s\u2019utilisent en tisane.<\/span><\/p><p><b>Toxicit\u00e9 : <\/b><span style=\"font-weight: 400;\">non toxique, mais riche en huile essentielle, avec mod\u00e9ration.<\/span><\/p>\t\t\t\t\t\t\t\t<\/div>\n\t\t\t\t<\/div>\n\t\t\t\t<\/div>\n\t\t\t\t\t<\/div>\n\t\t\t\t<\/div>\n\t\t<div class=\"elementor-element elementor-element-4277ccee e-con-full e-flex wpr-particle-no wpr-jarallax-no wpr-parallax-no wpr-sticky-section-no e-con e-child\" data-id=\"4277ccee\" data-element_type=\"container\">\n\t\t\t\t<div class=\"elementor-element elementor-element-1388d50b elementor-widget elementor-widget-heading\" data-id=\"1388d50b\" data-element_type=\"widget\" data-widget_type=\"heading.default\">\n\t\t\t\t<div class=\"elementor-widget-container\">\n\t\t\t\t\t<h2 class=\"elementor-heading-title elementor-size-default\">En d\u00e9couvrir plus ?<\/h2>\t\t\t\t<\/div>\n\t\t\t\t<\/div>\n\t\t\t\t<div class=\"elementor-element elementor-element-1b560365 elementor-widget__width-initial elementor-widget elementor-widget-text-editor\" data-id=\"1b560365\" data-element_type=\"widget\" data-widget_type=\"text-editor.default\">\n\t\t\t\t<div class=\"elementor-widget-container\">\n\t\t\t\t\t\t\t\t\t<p>D\u00e9couvrez nos conseils, nos plantes.<br \/>Mais aussi nos r\u00e9alisations :<\/p>\t\t\t\t\t\t\t\t<\/div>\n\t\t\t\t<\/div>\n\t\t<div class=\"elementor-element elementor-element-4abc1811 e-con-full e-flex wpr-particle-no wpr-jarallax-no wpr-parallax-no wpr-sticky-section-no e-con e-child\" data-id=\"4abc1811\" data-element_type=\"container\">\n\t\t\t\t<div class=\"elementor-element elementor-element-7cc12176 elementor-widget elementor-widget-button\" data-id=\"7cc12176\" data-element_type=\"widget\" data-widget_type=\"button.default\">\n\t\t\t\t<div class=\"elementor-widget-container\">\n\t\t\t\t\t\t\t\t\t<div class=\"elementor-button-wrapper\">\n\t\t\t\t\t<a class=\"elementor-button elementor-button-link elementor-size-sm\" href=\"https:\/\/arbraculture.fr\/index.php\/guide-du-jardin\/\">\n\t\t\t\t\t\t<span class=\"elementor-button-content-wrapper\">\n\t\t\t\t\t\t\t\t\t<span class=\"elementor-button-text\">Guide du jardin<\/span>\n\t\t\t\t\t<\/span>\n\t\t\t\t\t<\/a>\n\t\t\t\t<\/div>\n\t\t\t\t\t\t\t\t<\/div>\n\t\t\t\t<\/div>\n\t\t\t\t<div class=\"elementor-element elementor-element-594eade5 elementor-widget elementor-widget-button\" data-id=\"594eade5\" data-element_type=\"widget\" data-widget_type=\"button.default\">\n\t\t\t\t<div class=\"elementor-widget-container\">\n\t\t\t\t\t\t\t\t\t<div class=\"elementor-button-wrapper\">\n\t\t\t\t\t<a class=\"elementor-button elementor-button-link elementor-size-sm\" href=\"https:\/\/arbraculture.fr\/index.php\/projets\/\">\n\t\t\t\t\t\t<span class=\"elementor-button-content-wrapper\">\n\t\t\t\t\t\t\t\t\t<span class=\"elementor-button-text\">Projets<\/span>\n\t\t\t\t\t<\/span>\n\t\t\t\t\t<\/a>\n\t\t\t\t<\/div>\n\t\t\t\t\t\t\t\t<\/div>\n\t\t\t\t<\/div>\n\t\t\t\t<\/div>\n\t\t\t\t<\/div>\n\t\t\t\t<\/div>\n\t\t","protected":false},"excerpt":{"rendered":"<p>Le Ciste cistus Origine : bassin m\u00e9dit\u00e9rann\u00e9en Description de la plante : Le ciste est un arbrisseau au port \u00e9tal\u00e9 (jusqu\u2019\u00e0 2m de diam\u00e8tre) originaire du pourtour m\u00e9dit\u00e9ran\u00e9en aux feuilles \u00e0 forte odeur aromatique laissant une l\u00e9g\u00e8re impression cireuse sur les mains lorsqu\u2019on les froisse. L\u2019odeur divise, certains l&rsquo;adorent tandis que d\u2019autres la d\u00e9testent, elle ne laisse pas indiff\u00e9rent. Il existe beaucoup de vari\u00e9t\u00e9s diff\u00e9rentes de ciste, principalement \u00e0 fleurs blanches ou roses. Les fleurs ne sont pas d\u00e9nu\u00e9es d\u2019int\u00e9r\u00eat, on les remarque de loin avec leurs grands p\u00e9tales. Elles s\u2019ouvrent le matin pour faner le soir-m\u00eame. Les abeilles butinent leur pollen tr\u00e8s abondant. Plantation : Plant\u00e9 en sol pauvre, souvent dans les cimeti\u00e8res car la plante est tr\u00e8s r\u00e9sistante \u00e0 la s\u00e9cheresse et au manque d\u2019arrosage. Elle gagne \u00e0 \u00eatre plus connue dans nos contr\u00e9es. Parties utilis\u00e9es : Riche en huile essentielle, la plante est un m\u00e9dicament \u00e0 part enti\u00e8re, les fleurs s\u2019utilisent en tisane. Toxicit\u00e9 : non toxique, mais riche en huile essentielle, avec mod\u00e9ration. En d\u00e9couvrir plus ? D\u00e9couvrez nos conseils, nos plantes.Mais aussi nos r\u00e9alisations : Guide du jardin Projets<\/p>\n","protected":false},"author":2,"featured_media":0,"parent":0,"menu_order":0,"comment_status":"closed","ping_status":"closed","template":"","meta":{"site-sidebar-layout":"no-sidebar","site-content-layout":"","ast-site-content-layout":"full-width-container","site-content-style":"default","site-sidebar-style":"default","ast-global-header-display":"","ast-banner-title-visibility":"","ast-main-header-display":"","ast-hfb-above-header-display":"","ast-hfb-below-header-display":"","ast-hfb-mobile-header-display":"","site-post-title":"disabled","ast-breadcrumbs-content":"","ast-featured-img":"disabled","footer-sml-layout":"","theme-transparent-header-meta":"","adv-header-id-meta":"","stick-header-meta":"","header-above-stick-meta":"","header-main-stick-meta":"","header-below-stick-meta":"","astra-migrate-meta-layouts":"default","ast-page-background-enabled":"default","ast-page-background-meta":{"desktop":{"background-color":"var(--ast-global-color-5)","background-image":"","background-repeat":"repeat","background-position":"center center","background-size":"auto","background-attachment":"scroll","background-type":"","background-media":"","overlay-type":"","overlay-color":"","overlay-opacity":"","overlay-gradient":""},"tablet":{"background-color":"","background-image":"","background-repeat":"repeat","background-position":"center center","background-size":"auto","background-attachment":"scroll","background-type":"","background-media":"","overlay-type":"","overlay-color":"","overlay-opacity":"","overlay-gradient":""},"mobile":{"background-color":"","background-image":"","background-repeat":"repeat","background-position":"center center","background-size":"auto","background-attachment":"scroll","background-type":"","background-media":"","overlay-type":"","overlay-color":"","overlay-opacity":"","overlay-gradient":""}},"ast-content-background-meta":{"desktop":{"background-color":"var(--ast-global-color-4)","background-image":"","background-repeat":"repeat","background-position":"center center","background-size":"auto","background-attachment":"scroll","background-type":"","background-media":"","overlay-type":"","overlay-color":"","overlay-opacity":"","overlay-gradient":""},"tablet":{"background-color":"var(--ast-global-color-4)","background-image":"","background-repeat":"repeat","background-position":"center center","background-size":"auto","background-attachment":"scroll","background-type":"","background-media":"","overlay-type":"","overlay-color":"","overlay-opacity":"","overlay-gradient":""},"mobile":{"background-color":"var(--ast-global-color-4)","background-image":"","background-repeat":"repeat","background-position":"center center","background-size":"auto","background-attachment":"scroll","background-type":"","background-media":"","overlay-type":"","overlay-color":"","overlay-opacity":"","overlay-gradient":""}},"footnotes":""},"class_list":["post-2614","page","type-page","status-publish","hentry"],"yoast_head":"<!-- This site is optimized with the Yoast SEO plugin v26.7 - https:\/\/yoast.com\/wordpress\/plugins\/seo\/ -->\n<title>Plante - Ciste - Arbraculture<\/title>\n<meta name=\"robots\" content=\"index, follow, max-snippet:-1, max-image-preview:large, max-video-preview:-1\" \/>\n<link rel=\"canonical\" href=\"https:\/\/arbraculture.fr\/index.php\/plante-ciste\/\" \/>\n<meta property=\"og:locale\" content=\"fr_FR\" \/>\n<meta property=\"og:type\" content=\"article\" \/>\n<meta property=\"og:title\" content=\"Plante - Ciste - Arbraculture\" \/>\n<meta property=\"og:description\" content=\"Le Ciste cistus Origine : bassin m\u00e9dit\u00e9rann\u00e9en Description de la plante : Le ciste est un arbrisseau au port \u00e9tal\u00e9 (jusqu\u2019\u00e0 2m de diam\u00e8tre) originaire du pourtour m\u00e9dit\u00e9ran\u00e9en aux feuilles \u00e0 forte odeur aromatique laissant une l\u00e9g\u00e8re impression cireuse sur les mains lorsqu\u2019on les froisse. L\u2019odeur divise, certains l&rsquo;adorent tandis que d\u2019autres la d\u00e9testent, elle ne laisse pas indiff\u00e9rent. Il existe beaucoup de vari\u00e9t\u00e9s diff\u00e9rentes de ciste, principalement \u00e0 fleurs blanches ou roses. Les fleurs ne sont pas d\u00e9nu\u00e9es d\u2019int\u00e9r\u00eat, on les remarque de loin avec leurs grands p\u00e9tales. Elles s\u2019ouvrent le matin pour faner le soir-m\u00eame. Les abeilles butinent leur pollen tr\u00e8s abondant. Plantation : Plant\u00e9 en sol pauvre, souvent dans les cimeti\u00e8res car la plante est tr\u00e8s r\u00e9sistante \u00e0 la s\u00e9cheresse et au manque d\u2019arrosage. Elle gagne \u00e0 \u00eatre plus connue dans nos contr\u00e9es. Parties utilis\u00e9es : Riche en huile essentielle, la plante est un m\u00e9dicament \u00e0 part enti\u00e8re, les fleurs s\u2019utilisent en tisane. Toxicit\u00e9 : non toxique, mais riche en huile essentielle, avec mod\u00e9ration. En d\u00e9couvrir plus ? D\u00e9couvrez nos conseils, nos plantes.Mais aussi nos r\u00e9alisations : Guide du jardin Projets\" \/>\n<meta property=\"og:url\" content=\"https:\/\/arbraculture.fr\/index.php\/plante-ciste\/\" \/>\n<meta property=\"og:site_name\" content=\"Arbraculture\" \/>\n<meta property=\"article:publisher\" content=\"https:\/\/www.facebook.com\/Arbraculture\/?locale=fr_FR\" \/>\n<meta property=\"article:modified_time\" content=\"2026-02-09T12:56:03+00:00\" \/>\n<meta property=\"og:image\" content=\"https:\/\/arbraculture.fr\/wp-content\/uploads\/2026\/02\/cisteplantev.jpg\" \/>\n\t<meta property=\"og:image:width\" content=\"703\" \/>\n\t<meta property=\"og:image:height\" content=\"912\" \/>\n\t<meta property=\"og:image:type\" content=\"image\/jpeg\" \/>\n<meta name=\"twitter:card\" content=\"summary_large_image\" \/>\n<meta name=\"twitter:label1\" content=\"Dur\u00e9e de lecture estim\u00e9e\" \/>\n\t<meta name=\"twitter:data1\" content=\"2 minutes\" \/>\n<script type=\"application\/ld+json\" class=\"yoast-schema-graph\">{\"@context\":\"https:\/\/schema.org\",\"@graph\":[{\"@type\":\"WebPage\",\"@id\":\"https:\/\/arbraculture.fr\/index.php\/plante-ciste\/\",\"url\":\"https:\/\/arbraculture.fr\/index.php\/plante-ciste\/\",\"name\":\"Plante - Ciste - Arbraculture\",\"isPartOf\":{\"@id\":\"https:\/\/arbraculture.fr\/#website\"},\"primaryImageOfPage\":{\"@id\":\"https:\/\/arbraculture.fr\/index.php\/plante-ciste\/#primaryimage\"},\"image\":{\"@id\":\"https:\/\/arbraculture.fr\/index.php\/plante-ciste\/#primaryimage\"},\"thumbnailUrl\":\"https:\/\/arbraculture.fr\/wp-content\/uploads\/2026\/02\/cisteplantev.jpg\",\"datePublished\":\"2026-02-05T14:13:42+00:00\",\"dateModified\":\"2026-02-09T12:56:03+00:00\",\"breadcrumb\":{\"@id\":\"https:\/\/arbraculture.fr\/index.php\/plante-ciste\/#breadcrumb\"},\"inLanguage\":\"fr-FR\",\"potentialAction\":[{\"@type\":\"ReadAction\",\"target\":[\"https:\/\/arbraculture.fr\/index.php\/plante-ciste\/\"]}]},{\"@type\":\"ImageObject\",\"inLanguage\":\"fr-FR\",\"@id\":\"https:\/\/arbraculture.fr\/index.php\/plante-ciste\/#primaryimage\",\"url\":\"https:\/\/arbraculture.fr\/wp-content\/uploads\/2026\/02\/cisteplantev.jpg\",\"contentUrl\":\"https:\/\/arbraculture.fr\/wp-content\/uploads\/2026\/02\/cisteplantev.jpg\",\"width\":703,\"height\":912},{\"@type\":\"BreadcrumbList\",\"@id\":\"https:\/\/arbraculture.fr\/index.php\/plante-ciste\/#breadcrumb\",\"itemListElement\":[{\"@type\":\"ListItem\",\"position\":1,\"name\":\"Accueil\",\"item\":\"https:\/\/arbraculture.fr\/\"},{\"@type\":\"ListItem\",\"position\":2,\"name\":\"Plante &#8211; Ciste\"}]},{\"@type\":\"WebSite\",\"@id\":\"https:\/\/arbraculture.fr\/#website\",\"url\":\"https:\/\/arbraculture.fr\/\",\"name\":\"Arbraculture\",\"description\":\"La transition paysag\u00e8re utile et naturelle\",\"publisher\":{\"@id\":\"https:\/\/arbraculture.fr\/#organization\"},\"potentialAction\":[{\"@type\":\"SearchAction\",\"target\":{\"@type\":\"EntryPoint\",\"urlTemplate\":\"https:\/\/arbraculture.fr\/?s={search_term_string}\"},\"query-input\":{\"@type\":\"PropertyValueSpecification\",\"valueRequired\":true,\"valueName\":\"search_term_string\"}}],\"inLanguage\":\"fr-FR\"},{\"@type\":\"Organization\",\"@id\":\"https:\/\/arbraculture.fr\/#organization\",\"name\":\"Arbraculture\",\"url\":\"https:\/\/arbraculture.fr\/\",\"logo\":{\"@type\":\"ImageObject\",\"inLanguage\":\"fr-FR\",\"@id\":\"https:\/\/arbraculture.fr\/#\/schema\/logo\/image\/\",\"url\":\"https:\/\/arbraculture.fr\/wp-content\/uploads\/2025\/03\/cropped-Arbraculture-logo-site.png\",\"contentUrl\":\"https:\/\/arbraculture.fr\/wp-content\/uploads\/2025\/03\/cropped-Arbraculture-logo-site.png\",\"width\":1198,\"height\":1012,\"caption\":\"Arbraculture\"},\"image\":{\"@id\":\"https:\/\/arbraculture.fr\/#\/schema\/logo\/image\/\"},\"sameAs\":[\"https:\/\/www.facebook.com\/Arbraculture\/?locale=fr_FR\",\"https:\/\/www.linkedin.com\/company\/arbraculture\/?originalSubdomain=fr\",\"https:\/\/www.instagram.com\/arbraculture\/?hl=fr\"]}]}<\/script>\n<!-- \/ Yoast SEO plugin. -->","yoast_head_json":{"title":"Plante - Ciste - Arbraculture","robots":{"index":"index","follow":"follow","max-snippet":"max-snippet:-1","max-image-preview":"max-image-preview:large","max-video-preview":"max-video-preview:-1"},"canonical":"https:\/\/arbraculture.fr\/index.php\/plante-ciste\/","og_locale":"fr_FR","og_type":"article","og_title":"Plante - Ciste - Arbraculture","og_description":"Le Ciste cistus Origine : bassin m\u00e9dit\u00e9rann\u00e9en Description de la plante : Le ciste est un arbrisseau au port \u00e9tal\u00e9 (jusqu\u2019\u00e0 2m de diam\u00e8tre) originaire du pourtour m\u00e9dit\u00e9ran\u00e9en aux feuilles \u00e0 forte odeur aromatique laissant une l\u00e9g\u00e8re impression cireuse sur les mains lorsqu\u2019on les froisse. L\u2019odeur divise, certains l&rsquo;adorent tandis que d\u2019autres la d\u00e9testent, elle ne laisse pas indiff\u00e9rent. Il existe beaucoup de vari\u00e9t\u00e9s diff\u00e9rentes de ciste, principalement \u00e0 fleurs blanches ou roses. Les fleurs ne sont pas d\u00e9nu\u00e9es d\u2019int\u00e9r\u00eat, on les remarque de loin avec leurs grands p\u00e9tales. Elles s\u2019ouvrent le matin pour faner le soir-m\u00eame. Les abeilles butinent leur pollen tr\u00e8s abondant. Plantation : Plant\u00e9 en sol pauvre, souvent dans les cimeti\u00e8res car la plante est tr\u00e8s r\u00e9sistante \u00e0 la s\u00e9cheresse et au manque d\u2019arrosage. Elle gagne \u00e0 \u00eatre plus connue dans nos contr\u00e9es. Parties utilis\u00e9es : Riche en huile essentielle, la plante est un m\u00e9dicament \u00e0 part enti\u00e8re, les fleurs s\u2019utilisent en tisane. Toxicit\u00e9 : non toxique, mais riche en huile essentielle, avec mod\u00e9ration. En d\u00e9couvrir plus ? D\u00e9couvrez nos conseils, nos plantes.Mais aussi nos r\u00e9alisations : Guide du jardin Projets","og_url":"https:\/\/arbraculture.fr\/index.php\/plante-ciste\/","og_site_name":"Arbraculture","article_publisher":"https:\/\/www.facebook.com\/Arbraculture\/?locale=fr_FR","article_modified_time":"2026-02-09T12:56:03+00:00","og_image":[{"width":703,"height":912,"url":"https:\/\/arbraculture.fr\/wp-content\/uploads\/2026\/02\/cisteplantev.jpg","type":"image\/jpeg"}],"twitter_card":"summary_large_image","twitter_misc":{"Dur\u00e9e de lecture estim\u00e9e":"2 minutes"},"schema":{"@context":"https:\/\/schema.org","@graph":[{"@type":"WebPage","@id":"https:\/\/arbraculture.fr\/index.php\/plante-ciste\/","url":"https:\/\/arbraculture.fr\/index.php\/plante-ciste\/","name":"Plante - Ciste - Arbraculture","isPartOf":{"@id":"https:\/\/arbraculture.fr\/#website"},"primaryImageOfPage":{"@id":"https:\/\/arbraculture.fr\/index.php\/plante-ciste\/#primaryimage"},"image":{"@id":"https:\/\/arbraculture.fr\/index.php\/plante-ciste\/#primaryimage"},"thumbnailUrl":"https:\/\/arbraculture.fr\/wp-content\/uploads\/2026\/02\/cisteplantev.jpg","datePublished":"2026-02-05T14:13:42+00:00","dateModified":"2026-02-09T12:56:03+00:00","breadcrumb":{"@id":"https:\/\/arbraculture.fr\/index.php\/plante-ciste\/#breadcrumb"},"inLanguage":"fr-FR","potentialAction":[{"@type":"ReadAction","target":["https:\/\/arbraculture.fr\/index.php\/plante-ciste\/"]}]},{"@type":"ImageObject","inLanguage":"fr-FR","@id":"https:\/\/arbraculture.fr\/index.php\/plante-ciste\/#primaryimage","url":"https:\/\/arbraculture.fr\/wp-content\/uploads\/2026\/02\/cisteplantev.jpg","contentUrl":"https:\/\/arbraculture.fr\/wp-content\/uploads\/2026\/02\/cisteplantev.jpg","width":703,"height":912},{"@type":"BreadcrumbList","@id":"https:\/\/arbraculture.fr\/index.php\/plante-ciste\/#breadcrumb","itemListElement":[{"@type":"ListItem","position":1,"name":"Accueil","item":"https:\/\/arbraculture.fr\/"},{"@type":"ListItem","position":2,"name":"Plante &#8211; Ciste"}]},{"@type":"WebSite","@id":"https:\/\/arbraculture.fr\/#website","url":"https:\/\/arbraculture.fr\/","name":"Arbraculture","description":"La transition paysag\u00e8re utile et naturelle","publisher":{"@id":"https:\/\/arbraculture.fr\/#organization"},"potentialAction":[{"@type":"SearchAction","target":{"@type":"EntryPoint","urlTemplate":"https:\/\/arbraculture.fr\/?s={search_term_string}"},"query-input":{"@type":"PropertyValueSpecification","valueRequired":true,"valueName":"search_term_string"}}],"inLanguage":"fr-FR"},{"@type":"Organization","@id":"https:\/\/arbraculture.fr\/#organization","name":"Arbraculture","url":"https:\/\/arbraculture.fr\/","logo":{"@type":"ImageObject","inLanguage":"fr-FR","@id":"https:\/\/arbraculture.fr\/#\/schema\/logo\/image\/","url":"https:\/\/arbraculture.fr\/wp-content\/uploads\/2025\/03\/cropped-Arbraculture-logo-site.png","contentUrl":"https:\/\/arbraculture.fr\/wp-content\/uploads\/2025\/03\/cropped-Arbraculture-logo-site.png","width":1198,"height":1012,"caption":"Arbraculture"},"image":{"@id":"https:\/\/arbraculture.fr\/#\/schema\/logo\/image\/"},"sameAs":["https:\/\/www.facebook.com\/Arbraculture\/?locale=fr_FR","https:\/\/www.linkedin.com\/company\/arbraculture\/?originalSubdomain=fr","https:\/\/www.instagram.com\/arbraculture\/?hl=fr"]}]}},"_links":{"self":[{"href":"https:\/\/arbraculture.fr\/index.php\/wp-json\/wp\/v2\/pages\/2614","targetHints":{"allow":["GET"]}}],"collection":[{"href":"https:\/\/arbraculture.fr\/index.php\/wp-json\/wp\/v2\/pages"}],"about":[{"href":"https:\/\/arbraculture.fr\/index.php\/wp-json\/wp\/v2\/types\/page"}],"author":[{"embeddable":true,"href":"https:\/\/arbraculture.fr\/index.php\/wp-json\/wp\/v2\/users\/2"}],"replies":[{"embeddable":true,"href":"https:\/\/arbraculture.fr\/index.php\/wp-json\/wp\/v2\/comments?post=2614"}],"version-history":[{"count":7,"href":"https:\/\/arbraculture.fr\/index.php\/wp-json\/wp\/v2\/pages\/2614\/revisions"}],"predecessor-version":[{"id":2725,"href":"https:\/\/arbraculture.fr\/index.php\/wp-json\/wp\/v2\/pages\/2614\/revisions\/2725"}],"wp:attachment":[{"href":"https:\/\/arbraculture.fr\/index.php\/wp-json\/wp\/v2\/media?parent=2614"}],"curies":[{"name":"wp","href":"https:\/\/api.w.org\/{rel}","templated":true}]}}