{"id":1907,"date":"2025-05-07T09:17:03","date_gmt":"2025-05-07T07:17:03","guid":{"rendered":"https:\/\/arbraculture.fr\/?page_id=1907"},"modified":"2025-06-23T16:08:07","modified_gmt":"2025-06-23T14:08:07","slug":"plante-poire-cote","status":"publish","type":"page","link":"https:\/\/arbraculture.fr\/index.php\/plante-poire-cote\/","title":{"rendered":"Plante &#8211; Poire cote"},"content":{"rendered":"\t\t<div data-elementor-type=\"wp-page\" data-elementor-id=\"1907\" class=\"elementor elementor-1907\">\n\t\t\t\t<div class=\"elementor-element elementor-element-7181283c e-flex e-con-boxed wpr-particle-no wpr-jarallax-no wpr-parallax-no wpr-sticky-section-no e-con e-parent\" data-id=\"7181283c\" data-element_type=\"container\" data-settings=\"{&quot;background_background&quot;:&quot;classic&quot;}\">\n\t\t\t\t\t<div class=\"e-con-inner\">\n\t\t\t\t<div class=\"elementor-element elementor-element-731114e4 elementor-invisible elementor-widget elementor-widget-heading\" data-id=\"731114e4\" data-element_type=\"widget\" data-settings=\"{&quot;_animation&quot;:&quot;fadeIn&quot;,&quot;_animation_delay&quot;:1000}\" data-widget_type=\"heading.default\">\n\t\t\t\t<div class=\"elementor-widget-container\">\n\t\t\t\t\t<h2 class=\"elementor-heading-title elementor-size-default\">Poirier<\/h2>\t\t\t\t<\/div>\n\t\t\t\t<\/div>\n\t\t\t\t<div class=\"elementor-element elementor-element-783f60ba elementor-invisible elementor-widget elementor-widget-heading\" data-id=\"783f60ba\" data-element_type=\"widget\" data-settings=\"{&quot;_animation&quot;:&quot;fadeIn&quot;,&quot;_animation_delay&quot;:1500}\" data-widget_type=\"heading.default\">\n\t\t\t\t<div class=\"elementor-widget-container\">\n\t\t\t\t\t<h2 class=\"elementor-heading-title elementor-size-default\">pyrus communis<\/h2>\t\t\t\t<\/div>\n\t\t\t\t<\/div>\n\t\t\t\t\t<\/div>\n\t\t\t\t<\/div>\n\t\t<div class=\"elementor-element elementor-element-1e5b5d9 e-flex e-con-boxed wpr-particle-no wpr-jarallax-no wpr-parallax-no wpr-sticky-section-no e-con e-parent\" data-id=\"1e5b5d9\" data-element_type=\"container\">\n\t\t\t\t\t<div class=\"e-con-inner\">\n\t\t<div class=\"elementor-element elementor-element-350e77e0 e-con-full e-flex wpr-particle-no wpr-jarallax-no wpr-parallax-no wpr-sticky-section-no e-con e-child\" data-id=\"350e77e0\" data-element_type=\"container\">\n\t\t\t\t<div class=\"elementor-element elementor-element-769e8214 animated-slow elementor-invisible elementor-widget elementor-widget-image\" data-id=\"769e8214\" data-element_type=\"widget\" data-settings=\"{&quot;_animation&quot;:&quot;fadeInLeft&quot;,&quot;_animation_delay&quot;:2000}\" data-widget_type=\"image.default\">\n\t\t\t\t<div class=\"elementor-widget-container\">\n\t\t\t\t\t\t\t\t\t\t\t\t\t\t\t<img fetchpriority=\"high\" decoding=\"async\" width=\"386\" height=\"577\" src=\"https:\/\/arbraculture.fr\/wp-content\/uploads\/2025\/06\/Poire-cote-dor.jpg\" class=\"attachment-large size-large wp-image-2334\" alt=\"\" srcset=\"https:\/\/arbraculture.fr\/wp-content\/uploads\/2025\/06\/Poire-cote-dor.jpg 386w, https:\/\/arbraculture.fr\/wp-content\/uploads\/2025\/06\/Poire-cote-dor-201x300.jpg 201w\" sizes=\"(max-width: 386px) 100vw, 386px\" \/>\t\t\t\t\t\t\t\t\t\t\t\t\t\t\t<\/div>\n\t\t\t\t<\/div>\n\t\t\t\t<\/div>\n\t\t<div class=\"elementor-element elementor-element-34b35e75 e-con-full e-flex wpr-particle-no wpr-jarallax-no wpr-parallax-no wpr-sticky-section-no e-con e-child\" data-id=\"34b35e75\" data-element_type=\"container\">\n\t\t\t\t<div class=\"elementor-element elementor-element-3c882db8 elementor-widget__width-initial animated-slow elementor-invisible elementor-widget elementor-widget-text-editor\" data-id=\"3c882db8\" data-element_type=\"widget\" data-settings=\"{&quot;_animation&quot;:&quot;fadeIn&quot;,&quot;_animation_delay&quot;:2500}\" data-widget_type=\"text-editor.default\">\n\t\t\t\t<div class=\"elementor-widget-container\">\n\t\t\t\t\t\t\t\t\t<p><b>Vari\u00e9t\u00e9 : <\/b>\u00ab\u00a0C\u00f4te d&rsquo;Or\u00a0\u00bb<\/p><p><b>Synonyme(s)<\/b><span style=\"font-weight: 400;\"> : <\/span><span style=\"font-weight: 400;\">B<\/span><span style=\"font-weight: 400;\">elle de Moncheaux, Saint Mathieu d&rsquo;hiver<\/span><\/p><p><b>Origine<\/b><span style=\"font-weight: 400;\"> : La P\u00e9v\u00e8le, Nord<br \/><\/span><\/p><p><b>Description de la plante<\/b><span style=\"font-weight: 400;\"> : \u00a0Le poirier \u00e0 C\u00f4te d\u2019Or est un poirier tr\u00e8s rustique de nos r\u00e9gions, une ancienne vari\u00e9t\u00e9 locale. On utilisait son fruit r\u00e9serv\u00e9 \u00e0 la cuisson pour plusieurs raisons : la peau \u00e9paisse de cette poire permettait sa conservation, et \u00e9vitait au fruit de s&rsquo;ab\u00eemer avec les coups. La contrepartie, c\u2019est qu\u2019on devait la cuire plusieurs heures (!) avant de la manger. De ce fait, elle est entr\u00e9e un peu en d\u00e9su\u00e9tude \u00e0 notre \u00e9poque o\u00f9 tout doit aller vite ! On ressort le po\u00eale \u00e0 bois, on laisse fondre ces poires dans un faitout en fonte, et on en reparle !<\/span><\/p>\t\t\t\t\t\t\t\t<\/div>\n\t\t\t\t<\/div>\n\t\t\t\t<\/div>\n\t\t\t\t\t<\/div>\n\t\t\t\t<\/div>\n\t\t<div class=\"elementor-element elementor-element-10b2ea0b e-flex e-con-boxed wpr-particle-no wpr-jarallax-no wpr-parallax-no wpr-sticky-section-no e-con e-parent\" data-id=\"10b2ea0b\" data-element_type=\"container\">\n\t\t\t\t\t<div class=\"e-con-inner\">\n\t\t<div class=\"elementor-element elementor-element-7f889143 e-con-full e-flex wpr-particle-no wpr-jarallax-no wpr-parallax-no wpr-sticky-section-no e-con e-child\" data-id=\"7f889143\" data-element_type=\"container\">\n\t\t\t\t<\/div>\n\t\t<div class=\"elementor-element elementor-element-161c1bcc e-con-full e-flex wpr-particle-no wpr-jarallax-no wpr-parallax-no wpr-sticky-section-no e-con e-child\" data-id=\"161c1bcc\" data-element_type=\"container\">\n\t\t\t\t<div class=\"elementor-element elementor-element-95dd804 elementor-widget__width-initial animated-slow elementor-invisible elementor-widget elementor-widget-text-editor\" data-id=\"95dd804\" data-element_type=\"widget\" data-settings=\"{&quot;_animation&quot;:&quot;fadeIn&quot;,&quot;_animation_delay&quot;:500}\" data-widget_type=\"text-editor.default\">\n\t\t\t\t<div class=\"elementor-widget-container\">\n\t\t\t\t\t\t\t\t\t<p><b>P\u00e9riode de r\u00e9colte du fruit<\/b><span style=\"font-weight: 400;\"> : Octobre<\/span><\/p><p><b>Description du fruit<\/b><span style=\"font-weight: 400;\"> : Le fruit est vert et rouge, tr\u00e8s gros, plut\u00f4t aplati avec une base bien large.<\/span><\/p><p><b>Go\u00fbt du fruit<\/b><span style=\"font-weight: 400;\"> : Exclusivement destin\u00e9 \u00e0 la cuisson lente, mais quel go\u00fbt !<\/span><\/p>\t\t\t\t\t\t\t\t<\/div>\n\t\t\t\t<\/div>\n\t\t\t\t<\/div>\n\t\t\t\t\t<\/div>\n\t\t\t\t<\/div>\n\t\t<div class=\"elementor-element elementor-element-63f79287 e-con-full e-flex wpr-particle-no wpr-jarallax-no wpr-parallax-no wpr-sticky-section-no e-con e-child\" data-id=\"63f79287\" data-element_type=\"container\">\n\t\t\t\t<div class=\"elementor-element elementor-element-5aa9b160 elementor-widget elementor-widget-heading\" data-id=\"5aa9b160\" data-element_type=\"widget\" data-widget_type=\"heading.default\">\n\t\t\t\t<div class=\"elementor-widget-container\">\n\t\t\t\t\t<h2 class=\"elementor-heading-title elementor-size-default\">En d\u00e9couvrir plus ?<\/h2>\t\t\t\t<\/div>\n\t\t\t\t<\/div>\n\t\t\t\t<div class=\"elementor-element elementor-element-45121e79 elementor-widget__width-initial elementor-widget elementor-widget-text-editor\" data-id=\"45121e79\" data-element_type=\"widget\" data-widget_type=\"text-editor.default\">\n\t\t\t\t<div class=\"elementor-widget-container\">\n\t\t\t\t\t\t\t\t\t<p>D\u00e9couvrez nos conseils, nos plantes.<br \/>Mais aussi nos r\u00e9alisations :<\/p>\t\t\t\t\t\t\t\t<\/div>\n\t\t\t\t<\/div>\n\t\t<div class=\"elementor-element elementor-element-1aa40c76 e-con-full e-flex wpr-particle-no wpr-jarallax-no wpr-parallax-no wpr-sticky-section-no e-con e-child\" data-id=\"1aa40c76\" data-element_type=\"container\">\n\t\t\t\t<div class=\"elementor-element elementor-element-1eea0806 elementor-widget elementor-widget-button\" data-id=\"1eea0806\" data-element_type=\"widget\" data-widget_type=\"button.default\">\n\t\t\t\t<div class=\"elementor-widget-container\">\n\t\t\t\t\t\t\t\t\t<div class=\"elementor-button-wrapper\">\n\t\t\t\t\t<a class=\"elementor-button elementor-button-link elementor-size-sm\" href=\"https:\/\/arbraculture.fr\/index.php\/guide-du-jardin\/\">\n\t\t\t\t\t\t<span class=\"elementor-button-content-wrapper\">\n\t\t\t\t\t\t\t\t\t<span class=\"elementor-button-text\">Guide du jardin<\/span>\n\t\t\t\t\t<\/span>\n\t\t\t\t\t<\/a>\n\t\t\t\t<\/div>\n\t\t\t\t\t\t\t\t<\/div>\n\t\t\t\t<\/div>\n\t\t\t\t<div class=\"elementor-element elementor-element-7f4bab52 elementor-widget elementor-widget-button\" data-id=\"7f4bab52\" data-element_type=\"widget\" data-widget_type=\"button.default\">\n\t\t\t\t<div class=\"elementor-widget-container\">\n\t\t\t\t\t\t\t\t\t<div class=\"elementor-button-wrapper\">\n\t\t\t\t\t<a class=\"elementor-button elementor-button-link elementor-size-sm\" href=\"https:\/\/arbraculture.fr\/index.php\/projets\/\">\n\t\t\t\t\t\t<span class=\"elementor-button-content-wrapper\">\n\t\t\t\t\t\t\t\t\t<span class=\"elementor-button-text\">Projets<\/span>\n\t\t\t\t\t<\/span>\n\t\t\t\t\t<\/a>\n\t\t\t\t<\/div>\n\t\t\t\t\t\t\t\t<\/div>\n\t\t\t\t<\/div>\n\t\t\t\t<\/div>\n\t\t\t\t<\/div>\n\t\t\t\t<\/div>\n\t\t","protected":false},"excerpt":{"rendered":"<p>Poirier pyrus communis Vari\u00e9t\u00e9 : \u00ab\u00a0C\u00f4te d&rsquo;Or\u00a0\u00bb Synonyme(s) : Belle de Moncheaux, Saint Mathieu d&rsquo;hiver Origine : La P\u00e9v\u00e8le, Nord Description de la plante : \u00a0Le poirier \u00e0 C\u00f4te d\u2019Or est un poirier tr\u00e8s rustique de nos r\u00e9gions, une ancienne vari\u00e9t\u00e9 locale. On utilisait son fruit r\u00e9serv\u00e9 \u00e0 la cuisson pour plusieurs raisons : la peau \u00e9paisse de cette poire permettait sa conservation, et \u00e9vitait au fruit de s&rsquo;ab\u00eemer avec les coups. La contrepartie, c\u2019est qu\u2019on devait la cuire plusieurs heures (!) avant de la manger. De ce fait, elle est entr\u00e9e un peu en d\u00e9su\u00e9tude \u00e0 notre \u00e9poque o\u00f9 tout doit aller vite ! On ressort le po\u00eale \u00e0 bois, on laisse fondre ces poires dans un faitout en fonte, et on en reparle ! P\u00e9riode de r\u00e9colte du fruit : Octobre Description du fruit : Le fruit est vert et rouge, tr\u00e8s gros, plut\u00f4t aplati avec une base bien large. Go\u00fbt du fruit : Exclusivement destin\u00e9 \u00e0 la cuisson lente, mais quel go\u00fbt ! En d\u00e9couvrir plus ? D\u00e9couvrez nos conseils, nos plantes.Mais aussi nos r\u00e9alisations : Guide du jardin Projets<\/p>\n","protected":false},"author":2,"featured_media":0,"parent":0,"menu_order":0,"comment_status":"closed","ping_status":"closed","template":"","meta":{"site-sidebar-layout":"no-sidebar","site-content-layout":"","ast-site-content-layout":"full-width-container","site-content-style":"default","site-sidebar-style":"default","ast-global-header-display":"","ast-banner-title-visibility":"","ast-main-header-display":"","ast-hfb-above-header-display":"","ast-hfb-below-header-display":"","ast-hfb-mobile-header-display":"","site-post-title":"disabled","ast-breadcrumbs-content":"","ast-featured-img":"disabled","footer-sml-layout":"","theme-transparent-header-meta":"","adv-header-id-meta":"","stick-header-meta":"","header-above-stick-meta":"","header-main-stick-meta":"","header-below-stick-meta":"","astra-migrate-meta-layouts":"default","ast-page-background-enabled":"default","ast-page-background-meta":{"desktop":{"background-color":"var(--ast-global-color-5)","background-image":"","background-repeat":"repeat","background-position":"center center","background-size":"auto","background-attachment":"scroll","background-type":"","background-media":"","overlay-type":"","overlay-color":"","overlay-opacity":"","overlay-gradient":""},"tablet":{"background-color":"","background-image":"","background-repeat":"repeat","background-position":"center center","background-size":"auto","background-attachment":"scroll","background-type":"","background-media":"","overlay-type":"","overlay-color":"","overlay-opacity":"","overlay-gradient":""},"mobile":{"background-color":"","background-image":"","background-repeat":"repeat","background-position":"center center","background-size":"auto","background-attachment":"scroll","background-type":"","background-media":"","overlay-type":"","overlay-color":"","overlay-opacity":"","overlay-gradient":""}},"ast-content-background-meta":{"desktop":{"background-color":"var(--ast-global-color-4)","background-image":"","background-repeat":"repeat","background-position":"center center","background-size":"auto","background-attachment":"scroll","background-type":"","background-media":"","overlay-type":"","overlay-color":"","overlay-opacity":"","overlay-gradient":""},"tablet":{"background-color":"var(--ast-global-color-4)","background-image":"","background-repeat":"repeat","background-position":"center center","background-size":"auto","background-attachment":"scroll","background-type":"","background-media":"","overlay-type":"","overlay-color":"","overlay-opacity":"","overlay-gradient":""},"mobile":{"background-color":"var(--ast-global-color-4)","background-image":"","background-repeat":"repeat","background-position":"center center","background-size":"auto","background-attachment":"scroll","background-type":"","background-media":"","overlay-type":"","overlay-color":"","overlay-opacity":"","overlay-gradient":""}},"footnotes":""},"class_list":["post-1907","page","type-page","status-publish","hentry"],"yoast_head":"<!-- This site is optimized with the Yoast SEO plugin v26.7 - https:\/\/yoast.com\/wordpress\/plugins\/seo\/ -->\n<title>Plante - Poire cote - Arbraculture<\/title>\n<meta name=\"robots\" content=\"index, follow, max-snippet:-1, max-image-preview:large, max-video-preview:-1\" \/>\n<link rel=\"canonical\" href=\"https:\/\/arbraculture.fr\/index.php\/plante-poire-cote\/\" \/>\n<meta property=\"og:locale\" content=\"fr_FR\" \/>\n<meta property=\"og:type\" content=\"article\" \/>\n<meta property=\"og:title\" content=\"Plante - Poire cote - Arbraculture\" \/>\n<meta property=\"og:description\" content=\"Poirier pyrus communis Vari\u00e9t\u00e9 : \u00ab\u00a0C\u00f4te d&rsquo;Or\u00a0\u00bb Synonyme(s) : Belle de Moncheaux, Saint Mathieu d&rsquo;hiver Origine : La P\u00e9v\u00e8le, Nord Description de la plante : \u00a0Le poirier \u00e0 C\u00f4te d\u2019Or est un poirier tr\u00e8s rustique de nos r\u00e9gions, une ancienne vari\u00e9t\u00e9 locale. On utilisait son fruit r\u00e9serv\u00e9 \u00e0 la cuisson pour plusieurs raisons : la peau \u00e9paisse de cette poire permettait sa conservation, et \u00e9vitait au fruit de s&rsquo;ab\u00eemer avec les coups. La contrepartie, c\u2019est qu\u2019on devait la cuire plusieurs heures (!) avant de la manger. De ce fait, elle est entr\u00e9e un peu en d\u00e9su\u00e9tude \u00e0 notre \u00e9poque o\u00f9 tout doit aller vite ! On ressort le po\u00eale \u00e0 bois, on laisse fondre ces poires dans un faitout en fonte, et on en reparle ! P\u00e9riode de r\u00e9colte du fruit : Octobre Description du fruit : Le fruit est vert et rouge, tr\u00e8s gros, plut\u00f4t aplati avec une base bien large. Go\u00fbt du fruit : Exclusivement destin\u00e9 \u00e0 la cuisson lente, mais quel go\u00fbt ! En d\u00e9couvrir plus ? D\u00e9couvrez nos conseils, nos plantes.Mais aussi nos r\u00e9alisations : Guide du jardin Projets\" \/>\n<meta property=\"og:url\" content=\"https:\/\/arbraculture.fr\/index.php\/plante-poire-cote\/\" \/>\n<meta property=\"og:site_name\" content=\"Arbraculture\" \/>\n<meta property=\"article:publisher\" content=\"https:\/\/www.facebook.com\/Arbraculture\/?locale=fr_FR\" \/>\n<meta property=\"article:modified_time\" content=\"2025-06-23T14:08:07+00:00\" \/>\n<meta property=\"og:image\" content=\"https:\/\/arbraculture.fr\/wp-content\/uploads\/2025\/06\/Poire-cote-dor.jpg\" \/>\n\t<meta property=\"og:image:width\" content=\"386\" \/>\n\t<meta property=\"og:image:height\" content=\"577\" \/>\n\t<meta property=\"og:image:type\" content=\"image\/jpeg\" \/>\n<meta name=\"twitter:card\" content=\"summary_large_image\" \/>\n<meta name=\"twitter:label1\" content=\"Dur\u00e9e de lecture estim\u00e9e\" \/>\n\t<meta name=\"twitter:data1\" content=\"1 minute\" \/>\n<script type=\"application\/ld+json\" class=\"yoast-schema-graph\">{\"@context\":\"https:\/\/schema.org\",\"@graph\":[{\"@type\":\"WebPage\",\"@id\":\"https:\/\/arbraculture.fr\/index.php\/plante-poire-cote\/\",\"url\":\"https:\/\/arbraculture.fr\/index.php\/plante-poire-cote\/\",\"name\":\"Plante - Poire cote - Arbraculture\",\"isPartOf\":{\"@id\":\"https:\/\/arbraculture.fr\/#website\"},\"primaryImageOfPage\":{\"@id\":\"https:\/\/arbraculture.fr\/index.php\/plante-poire-cote\/#primaryimage\"},\"image\":{\"@id\":\"https:\/\/arbraculture.fr\/index.php\/plante-poire-cote\/#primaryimage\"},\"thumbnailUrl\":\"https:\/\/arbraculture.fr\/wp-content\/uploads\/2025\/06\/Poire-cote-dor.jpg\",\"datePublished\":\"2025-05-07T07:17:03+00:00\",\"dateModified\":\"2025-06-23T14:08:07+00:00\",\"breadcrumb\":{\"@id\":\"https:\/\/arbraculture.fr\/index.php\/plante-poire-cote\/#breadcrumb\"},\"inLanguage\":\"fr-FR\",\"potentialAction\":[{\"@type\":\"ReadAction\",\"target\":[\"https:\/\/arbraculture.fr\/index.php\/plante-poire-cote\/\"]}]},{\"@type\":\"ImageObject\",\"inLanguage\":\"fr-FR\",\"@id\":\"https:\/\/arbraculture.fr\/index.php\/plante-poire-cote\/#primaryimage\",\"url\":\"https:\/\/arbraculture.fr\/wp-content\/uploads\/2025\/06\/Poire-cote-dor.jpg\",\"contentUrl\":\"https:\/\/arbraculture.fr\/wp-content\/uploads\/2025\/06\/Poire-cote-dor.jpg\",\"width\":386,\"height\":577},{\"@type\":\"BreadcrumbList\",\"@id\":\"https:\/\/arbraculture.fr\/index.php\/plante-poire-cote\/#breadcrumb\",\"itemListElement\":[{\"@type\":\"ListItem\",\"position\":1,\"name\":\"Accueil\",\"item\":\"https:\/\/arbraculture.fr\/\"},{\"@type\":\"ListItem\",\"position\":2,\"name\":\"Plante &#8211; Poire cote\"}]},{\"@type\":\"WebSite\",\"@id\":\"https:\/\/arbraculture.fr\/#website\",\"url\":\"https:\/\/arbraculture.fr\/\",\"name\":\"Arbraculture\",\"description\":\"La transition paysag\u00e8re utile et naturelle\",\"publisher\":{\"@id\":\"https:\/\/arbraculture.fr\/#organization\"},\"potentialAction\":[{\"@type\":\"SearchAction\",\"target\":{\"@type\":\"EntryPoint\",\"urlTemplate\":\"https:\/\/arbraculture.fr\/?s={search_term_string}\"},\"query-input\":{\"@type\":\"PropertyValueSpecification\",\"valueRequired\":true,\"valueName\":\"search_term_string\"}}],\"inLanguage\":\"fr-FR\"},{\"@type\":\"Organization\",\"@id\":\"https:\/\/arbraculture.fr\/#organization\",\"name\":\"Arbraculture\",\"url\":\"https:\/\/arbraculture.fr\/\",\"logo\":{\"@type\":\"ImageObject\",\"inLanguage\":\"fr-FR\",\"@id\":\"https:\/\/arbraculture.fr\/#\/schema\/logo\/image\/\",\"url\":\"https:\/\/arbraculture.fr\/wp-content\/uploads\/2025\/03\/cropped-Arbraculture-logo-site.png\",\"contentUrl\":\"https:\/\/arbraculture.fr\/wp-content\/uploads\/2025\/03\/cropped-Arbraculture-logo-site.png\",\"width\":1198,\"height\":1012,\"caption\":\"Arbraculture\"},\"image\":{\"@id\":\"https:\/\/arbraculture.fr\/#\/schema\/logo\/image\/\"},\"sameAs\":[\"https:\/\/www.facebook.com\/Arbraculture\/?locale=fr_FR\",\"https:\/\/www.linkedin.com\/company\/arbraculture\/?originalSubdomain=fr\",\"https:\/\/www.instagram.com\/arbraculture\/?hl=fr\"]}]}<\/script>\n<!-- \/ Yoast SEO plugin. -->","yoast_head_json":{"title":"Plante - Poire cote - Arbraculture","robots":{"index":"index","follow":"follow","max-snippet":"max-snippet:-1","max-image-preview":"max-image-preview:large","max-video-preview":"max-video-preview:-1"},"canonical":"https:\/\/arbraculture.fr\/index.php\/plante-poire-cote\/","og_locale":"fr_FR","og_type":"article","og_title":"Plante - Poire cote - Arbraculture","og_description":"Poirier pyrus communis Vari\u00e9t\u00e9 : \u00ab\u00a0C\u00f4te d&rsquo;Or\u00a0\u00bb Synonyme(s) : Belle de Moncheaux, Saint Mathieu d&rsquo;hiver Origine : La P\u00e9v\u00e8le, Nord Description de la plante : \u00a0Le poirier \u00e0 C\u00f4te d\u2019Or est un poirier tr\u00e8s rustique de nos r\u00e9gions, une ancienne vari\u00e9t\u00e9 locale. On utilisait son fruit r\u00e9serv\u00e9 \u00e0 la cuisson pour plusieurs raisons : la peau \u00e9paisse de cette poire permettait sa conservation, et \u00e9vitait au fruit de s&rsquo;ab\u00eemer avec les coups. La contrepartie, c\u2019est qu\u2019on devait la cuire plusieurs heures (!) avant de la manger. De ce fait, elle est entr\u00e9e un peu en d\u00e9su\u00e9tude \u00e0 notre \u00e9poque o\u00f9 tout doit aller vite ! On ressort le po\u00eale \u00e0 bois, on laisse fondre ces poires dans un faitout en fonte, et on en reparle ! P\u00e9riode de r\u00e9colte du fruit : Octobre Description du fruit : Le fruit est vert et rouge, tr\u00e8s gros, plut\u00f4t aplati avec une base bien large. Go\u00fbt du fruit : Exclusivement destin\u00e9 \u00e0 la cuisson lente, mais quel go\u00fbt ! En d\u00e9couvrir plus ? D\u00e9couvrez nos conseils, nos plantes.Mais aussi nos r\u00e9alisations : Guide du jardin Projets","og_url":"https:\/\/arbraculture.fr\/index.php\/plante-poire-cote\/","og_site_name":"Arbraculture","article_publisher":"https:\/\/www.facebook.com\/Arbraculture\/?locale=fr_FR","article_modified_time":"2025-06-23T14:08:07+00:00","og_image":[{"width":386,"height":577,"url":"https:\/\/arbraculture.fr\/wp-content\/uploads\/2025\/06\/Poire-cote-dor.jpg","type":"image\/jpeg"}],"twitter_card":"summary_large_image","twitter_misc":{"Dur\u00e9e de lecture estim\u00e9e":"1 minute"},"schema":{"@context":"https:\/\/schema.org","@graph":[{"@type":"WebPage","@id":"https:\/\/arbraculture.fr\/index.php\/plante-poire-cote\/","url":"https:\/\/arbraculture.fr\/index.php\/plante-poire-cote\/","name":"Plante - Poire cote - Arbraculture","isPartOf":{"@id":"https:\/\/arbraculture.fr\/#website"},"primaryImageOfPage":{"@id":"https:\/\/arbraculture.fr\/index.php\/plante-poire-cote\/#primaryimage"},"image":{"@id":"https:\/\/arbraculture.fr\/index.php\/plante-poire-cote\/#primaryimage"},"thumbnailUrl":"https:\/\/arbraculture.fr\/wp-content\/uploads\/2025\/06\/Poire-cote-dor.jpg","datePublished":"2025-05-07T07:17:03+00:00","dateModified":"2025-06-23T14:08:07+00:00","breadcrumb":{"@id":"https:\/\/arbraculture.fr\/index.php\/plante-poire-cote\/#breadcrumb"},"inLanguage":"fr-FR","potentialAction":[{"@type":"ReadAction","target":["https:\/\/arbraculture.fr\/index.php\/plante-poire-cote\/"]}]},{"@type":"ImageObject","inLanguage":"fr-FR","@id":"https:\/\/arbraculture.fr\/index.php\/plante-poire-cote\/#primaryimage","url":"https:\/\/arbraculture.fr\/wp-content\/uploads\/2025\/06\/Poire-cote-dor.jpg","contentUrl":"https:\/\/arbraculture.fr\/wp-content\/uploads\/2025\/06\/Poire-cote-dor.jpg","width":386,"height":577},{"@type":"BreadcrumbList","@id":"https:\/\/arbraculture.fr\/index.php\/plante-poire-cote\/#breadcrumb","itemListElement":[{"@type":"ListItem","position":1,"name":"Accueil","item":"https:\/\/arbraculture.fr\/"},{"@type":"ListItem","position":2,"name":"Plante &#8211; Poire cote"}]},{"@type":"WebSite","@id":"https:\/\/arbraculture.fr\/#website","url":"https:\/\/arbraculture.fr\/","name":"Arbraculture","description":"La transition paysag\u00e8re utile et naturelle","publisher":{"@id":"https:\/\/arbraculture.fr\/#organization"},"potentialAction":[{"@type":"SearchAction","target":{"@type":"EntryPoint","urlTemplate":"https:\/\/arbraculture.fr\/?s={search_term_string}"},"query-input":{"@type":"PropertyValueSpecification","valueRequired":true,"valueName":"search_term_string"}}],"inLanguage":"fr-FR"},{"@type":"Organization","@id":"https:\/\/arbraculture.fr\/#organization","name":"Arbraculture","url":"https:\/\/arbraculture.fr\/","logo":{"@type":"ImageObject","inLanguage":"fr-FR","@id":"https:\/\/arbraculture.fr\/#\/schema\/logo\/image\/","url":"https:\/\/arbraculture.fr\/wp-content\/uploads\/2025\/03\/cropped-Arbraculture-logo-site.png","contentUrl":"https:\/\/arbraculture.fr\/wp-content\/uploads\/2025\/03\/cropped-Arbraculture-logo-site.png","width":1198,"height":1012,"caption":"Arbraculture"},"image":{"@id":"https:\/\/arbraculture.fr\/#\/schema\/logo\/image\/"},"sameAs":["https:\/\/www.facebook.com\/Arbraculture\/?locale=fr_FR","https:\/\/www.linkedin.com\/company\/arbraculture\/?originalSubdomain=fr","https:\/\/www.instagram.com\/arbraculture\/?hl=fr"]}]}},"_links":{"self":[{"href":"https:\/\/arbraculture.fr\/index.php\/wp-json\/wp\/v2\/pages\/1907","targetHints":{"allow":["GET"]}}],"collection":[{"href":"https:\/\/arbraculture.fr\/index.php\/wp-json\/wp\/v2\/pages"}],"about":[{"href":"https:\/\/arbraculture.fr\/index.php\/wp-json\/wp\/v2\/types\/page"}],"author":[{"embeddable":true,"href":"https:\/\/arbraculture.fr\/index.php\/wp-json\/wp\/v2\/users\/2"}],"replies":[{"embeddable":true,"href":"https:\/\/arbraculture.fr\/index.php\/wp-json\/wp\/v2\/comments?post=1907"}],"version-history":[{"count":7,"href":"https:\/\/arbraculture.fr\/index.php\/wp-json\/wp\/v2\/pages\/1907\/revisions"}],"predecessor-version":[{"id":2337,"href":"https:\/\/arbraculture.fr\/index.php\/wp-json\/wp\/v2\/pages\/1907\/revisions\/2337"}],"wp:attachment":[{"href":"https:\/\/arbraculture.fr\/index.php\/wp-json\/wp\/v2\/media?parent=1907"}],"curies":[{"name":"wp","href":"https:\/\/api.w.org\/{rel}","templated":true}]}}